{"id":2763,"date":"2021-06-29T00:24:21","date_gmt":"2021-06-29T03:24:21","guid":{"rendered":"https:\/\/www.observatoriolatinoamericano.cl\/?page_id=2763"},"modified":"2025-05-08T17:59:35","modified_gmt":"2025-05-08T20:59:35","slug":"publicaciones","status":"publish","type":"page","link":"https:\/\/observatoriolatinoamericano.cl\/index.php\/publicaciones\/","title":{"rendered":"Publicaciones"},"content":{"rendered":"<section class=\"kc-elm kc-css-239033 kc_row\"><div class=\"kc-row-container  kc-container\"><div class=\"kc-wrap-columns\"><div class=\"kc-elm kc-css-734690 kc_col-sm-12 kc_column kc_col-sm-12\"><div class=\"kc-col-container\"><div class=\"sabbi-book_timeline-segment kc-elm kc-css-72992\" style=\"background-image: url()\">\n                    <ul class=\"sabbi-book_timeline list-unstyled\"><li><span class=\"year\">Libro_N\u00facleo<\/span><ul class=\"book-list list-unstyled\"><li>\n                                    <figure><img src=\"https:\/\/observatoriolatinoamericano.cl\/wp-content\/uploads\/2024\/04\/9789560115621-Iturrieta-Sandra-2023-Esbozos-de-una-sociedad-1-scaled-1.jpg\" class=\"img-responsive\" alt=\"\" loading=\"lazy\" \/><\/figure>\n                                    <div class=\"book-list-meta\">\n                                        <h3 class=\"book-list-title\"><a href=\"https:\/\/rileditores.com\/tienda\/esbozos-de-una-sociedad-posprofesional-experiencias-subjetividades-y-quehaceres-en-movimiento-reflexiones-en-tiempos-de-covid-19\/\" target=\"_blank\">Esbozos de una sociedad posprofesional. Experiencias, subjetividades y quehaceres en movimiento. Reflexiones en tiempos de covid-19<\/a> <\/h3>\n                                        <div class=\"book-list-brand\"><em>RIL Editores, 2023,  ISBN 978-956-01-1562-1\r\n\r\n<\/em><\/div>\n                                        <p class=\"book-author\">Sandra Iturrieta Olivares, Cl\u00e9ment Colin [Editores]<\/p>\n                                    <\/div>\n                                <\/li><li>\n                                    <figure><img src=\"https:\/\/observatoriolatinoamericano.cl\/wp-content\/uploads\/2025\/04\/Captura-de-pantalla-2025-04-07-212315.png\" class=\"img-responsive\" alt=\"\" loading=\"lazy\" \/><\/figure>\n                                    <div class=\"book-list-meta\">\n                                        <h3 class=\"book-list-title\"><a href=\"https:\/\/observatoriolatinoamericano.cl\/index.php\/libros_nucleo\/tus-primeras-travesias-en-investigacion-social\/\" target=\"_blank\">Tus primeras traves\u00edas en investigaci\u00f3n social: Metodolog\u00eda f\u00e1cil, din\u00e1mica y animada para quienes no quieren investigar.<\/a> <\/h3>\n                                        <div class=\"book-list-brand\"><em>- Ver en L\u00ednea o descargar<\/em><\/div>\n                                        <p class=\"book-author\">Sandra Iturrieta Olivares<\/p>\n                                    <\/div>\n                                <\/li><\/ul><\/li><li><span class=\"year\">2025 EDUFPI<\/span><ul class=\"book-list list-unstyled\"><li>\n                                    <figure><img src=\"https:\/\/observatoriolatinoamericano.cl\/wp-content\/uploads\/2025\/06\/livro3.png\" class=\"img-responsive\" alt=\"\" loading=\"lazy\" \/><\/figure>\n                                    <div class=\"book-list-meta\">\n                                        <h3 class=\"book-list-title\"><a href=\"https:\/\/observatoriolatinoamericano.cl\/index.php\/libros_nucleo\/temporalidades-trabalho-e-defesa-da-vida-em-tempos-de-pandemia-producao-e-internacionalizacao-do-conhecimento\" target=\"_blank\">TEMPORALIDADES, TRABALHO E DEFESA DA VIDA EM TEMPOS DE PANDEMIA: Produ\u00e7\u00e3o e internacionaliza\u00e7\u00e3o do conhecimento<\/a> <\/h3>\n                                        <div class=\"book-list-brand\"><em>- Ver en L\u00ednea o descargar<\/em><\/div>\n                                        <p class=\"book-author\">Edna Maria Goulart Joazeiro (Org.)<\/p>\n                                    <\/div>\n                                <\/li><\/ul><\/li><li><span class=\"year\">2025<\/span><ul class=\"book-list list-unstyled\"><li>\n                                    <figure><img src=\"https:\/\/observatoriolatinoamericano.cl\/wp-content\/uploads\/2025\/04\/Captura-de-pantalla-2025-04-07-212315.png\" class=\"img-responsive\" alt=\"\" loading=\"lazy\" \/><\/figure>\n                                    <div class=\"book-list-meta\">\n                                        <h3 class=\"book-list-title\"><a href=\"https:\/\/observatoriolatinoamericano.cl\/index.php\/libros_nucleo\/tus-primeras-travesias-en-investigacion-social\/\" target=\"_blank\">Tus primeras traves\u00edas en investigaci\u00f3n social: Metodolog\u00eda f\u00e1cil, din\u00e1mica y animada para quienes no quieren investigar.<\/a> <\/h3>\n                                        <div class=\"book-list-brand\"><em>- Ver en L\u00ednea o descargar<\/em><\/div>\n                                        <p class=\"book-author\">Sandra Iturrieta Olivares<\/p>\n                                    <\/div>\n                                <\/li><\/ul><\/li><li><span class=\"year\">2024<\/span><ul class=\"book-list list-unstyled\"><li>\n                                    <figure><img src=\"https:\/\/observatoriolatinoamericano.cl\/wp-content\/uploads\/2025\/03\/Territorios-temporalidades.png\" class=\"img-responsive\" alt=\"\" loading=\"lazy\" \/><\/figure>\n                                    <div class=\"book-list-meta\">\n                                        <h3 class=\"book-list-title\"><a href=\"https:\/\/observatoriolatinoamericano.cl\/index.php\/libros_nucleo\/territorios-temporalidadesterritorios-temporalidades-atencao-a-saude-e-covid-19atencao-a-saude-e-covid-19-dimensao-nacional-e-internacionaldimensao-nacional-e-internacional\/\" target=\"_blank\">Territ\u00f3rios, temporalidades,Territ\u00f3rios, temporalidades, aten\u00e7\u00e3o \u00e0 sa\u00fade e Covid-19aten\u00e7\u00e3o \u00e0 sa\u00fade e Covid-19: dimens\u00e3o nacional e internacionaldimens\u00e3o nacional e internacional<\/a> <\/h3>\n                                        <div class=\"book-list-brand\"><em>- Ver en L\u00ednea o Descargar<\/em><\/div>\n                                        <p class=\"book-author\">Edna Maria Goulart Joazeiro. (Org)<\/p>\n                                    <\/div>\n                                <\/li><\/ul><\/li><li><span class=\"year\">2023 UFPI<\/span><ul class=\"book-list list-unstyled\"><li>\n                                    <figure><img src=\"https:\/\/observatoriolatinoamericano.cl\/wp-content\/uploads\/2025\/04\/Captura-de-pantalla-2025-04-04-185140.png\" class=\"img-responsive\" alt=\"\" loading=\"lazy\" \/><\/figure>\n                                    <div class=\"book-list-meta\">\n                                        <h3 class=\"book-list-title\"><a href=\"https:\/\/www.ufpi.br\/arquivos_download\/arquivos\/edufpi\/Livro_DESIGUALDADES_E_POL%C3%8DTICAS_P%C3%9ABLICAS-3.pdf\" target=\"_blank\">DESIGUALDADES E POL\u00cdTICAS P\u00daBLICAS:: (Des)Prote\u00e7\u00e3o Social e (In)Certezas e Resist\u00eancias<\/a> <\/h3>\n                                        <div class=\"book-list-brand\"><em><\/em><\/div>\n                                        <p class=\"book-author\">Sofia Laurentino Barbosa Pereira Solange Maria Teixeira Organizadores<\/p>\n                                    <\/div>\n                                <\/li><\/ul><\/li><li><span class=\"year\">2023 Oct<\/span><ul class=\"book-list list-unstyled\"><li>\n                                    <figure><img src=\"https:\/\/observatoriolatinoamericano.cl\/wp-content\/uploads\/2023\/10\/ISBN-978-956-6276-03-6.png\" class=\"img-responsive\" alt=\"\" loading=\"lazy\" \/><\/figure>\n                                    <div class=\"book-list-meta\">\n                                        <h3 class=\"book-list-title\"><a href=\"https:\/\/observatoriolatinoamericano.cl\/files\/ExperienciasDocentes.pdf\" target=\"_blank\">Descarga Libro:  &#8220;Experiencias docentes en tiempo de crisis: Testimonios desde carreras de Trabajo Social en Chile&#8221;<\/a> <\/h3>\n                                        <div class=\"book-list-brand\"><em>ISBN: 978-956-6276-03-6\r\nSantiago de Chile\r\nPrimera edici\u00f3n, octubre 2023\r\nGesti\u00f3n editorial: Ariadna Ediciones\r\nhttp:\/\/ariadnaediciones.cl\/\r\n<\/em><\/div>\n                                        <p class=\"book-author\">Sandra Iturrieta \u2013 Cl\u00e9ment Colin [Editores]<\/p>\n                                    <\/div>\n                                <\/li><\/ul><\/li><li><span class=\"year\">2023 mayo<\/span><ul class=\"book-list list-unstyled\"><li>\n                                    <figure><img src=\"https:\/\/observatoriolatinoamericano.cl\/wp-content\/uploads\/2025\/04\/ProblematicasEtnicasSocialesPensamientoLatinoamericano.jpg\" class=\"img-responsive\" alt=\"\" loading=\"lazy\" \/><\/figure>\n                                    <div class=\"book-list-meta\">\n                                        <h3 class=\"book-list-title\"><a href=\"https:\/\/doi.org\/10.26448\/ae9789566095897.70\" target=\"_blank\">Problem\u00e1ticas \u00e9tnicas y sociales desde el pensamiento latinoamericano Temas, Conceptos, Enfoques<\/a> <\/h3>\n                                        <div class=\"book-list-brand\"><em><\/em><\/div>\n                                        <p class=\"book-author\">Andr\u00e9s Kozel, Daniela Rawicz, Eduardo Dev\u00e9s [Editores]<\/p>\n                                    <\/div>\n                                <\/li><\/ul><\/li><li><span class=\"year\">2023<\/span><ul class=\"book-list list-unstyled\"><li>\n                                    <figure><img src=\"https:\/\/observatoriolatinoamericano.cl\/wp-content\/uploads\/2024\/04\/9789560115621-Iturrieta-Sandra-2023-Esbozos-de-una-sociedad-1-scaled-1.jpg\" class=\"img-responsive\" alt=\"\" loading=\"lazy\" \/><\/figure>\n                                    <div class=\"book-list-meta\">\n                                        <h3 class=\"book-list-title\"><a href=\"https:\/\/rileditores.com\/tienda\/esbozos-de-una-sociedad-posprofesional-experiencias-subjetividades-y-quehaceres-en-movimiento-reflexiones-en-tiempos-de-covid-19\/\" target=\"_blank\">Esbozos de una sociedad posprofesional. Experiencias, subjetividades y quehaceres en movimiento. Reflexiones en tiempos de covid-19<\/a> <\/h3>\n                                        <div class=\"book-list-brand\"><em>RIL Editores, 2023,  ISBN 978-956-01-1562-1\r\n\r\n<\/em><\/div>\n                                        <p class=\"book-author\">Sandra Iturrieta Olivares, Cl\u00e9ment Colin [Editores]<\/p>\n                                    <\/div>\n                                <\/li><\/ul><\/li><li><span class=\"year\">2022<\/span><ul class=\"book-list list-unstyled\"><li>\n                                    <figure><img src=\"https:\/\/observatoriolatinoamericano.cl\/wp-content\/uploads\/2022\/08\/Livro-ATENCAO-A-SAUDE-EM-TEMPO-DE-PANDEMIA_e-book_001.jpg\" class=\"img-responsive\" alt=\"\" loading=\"lazy\" \/><\/figure>\n                                    <div class=\"book-list-meta\">\n                                        <h3 class=\"book-list-title\"><a href=\"https:\/\/observatoriolatinoamericano.cl\/wp-content\/uploads\/2022\/Livro%20ATEN\u00c7\u00c3O%20A%20SA\u00daDE%20EM%20TEMPO%20DE%20PANDEMIA_e-book.pdf\" target=\"_blank\">Aten\u00e7\u00e3o \u00e0 sa\u00fade em tempo de pandemia da Covid-19: contextos nacionais e internacionais<\/a> <\/h3>\n                                        <div class=\"book-list-brand\"><em>Editora da Universidade Federal do Piau\u00ed \u2013 EDUFPI Campus Universit\u00e1rio Ministro Petr\u00f4nio Portella CEP: 64049-550 - Bairro Ininga - Teresina - PI \u2013 Brasil<\/em><\/div>\n                                        <p class=\"book-author\">Edna Maria Goulart Joazeiro Org.<\/p>\n                                    <\/div>\n                                <\/li><li>\n                                    <figure><img src=\"https:\/\/observatoriolatinoamericano.cl\/wp-content\/uploads\/2025\/04\/Captura-de-pantalla-2025-04-04-185812.png\" class=\"img-responsive\" alt=\"\" loading=\"lazy\" \/><\/figure>\n                                    <div class=\"book-list-meta\">\n                                        <h3 class=\"book-list-title\"><a href=\"https:\/\/editorial.utem.cl\/wp-content\/uploads\/sites\/3\/2023\/02\/Intervencion-Practica-del_TS-digital.pdf\" target=\"_blank\">INTERVENCI\u00d3N Y PR\u00c1CTICA DEL TRABAJO SOCIAL: DESAF\u00cdOS ANTE LA RECONFIGURACI\u00d3N PAND\u00c9MICA. DI\u00c1LOGOS ESPA\u00d1A Y CHILE<\/a> <\/h3>\n                                        <div class=\"book-list-brand\"><em><\/em><\/div>\n                                        <p class=\"book-author\">Eveline Chagas Lemos Mar\u00eda Antonia Buenaventura Rubio Lorena Valencia G\u00e1lvez<\/p>\n                                    <\/div>\n                                <\/li><\/ul><\/li><li><span class=\"year\">2021<\/span><ul class=\"book-list list-unstyled\"><li>\n                                    <figure><img src=\"https:\/\/www.observatoriolatinoamericano.cl\/wp-content\/uploads\/2021\/07\/portada_vivir_tiempos_convul-1.png\" class=\"img-responsive\" alt=\"\" loading=\"lazy\" \/><\/figure>\n                                    <div class=\"book-list-meta\">\n                                        <h3 class=\"book-list-title\"><a href=\"https:\/\/www.observatoriolatinoamericano.cl\/files\/VivirEnTiemposConvulsionados.pdf\" target=\"_blank\">Descarga Libro: Vivir en tiempos convulsionados : Reflexiones sociocr\u00edticas para propuestas de intervenci\u00f3n social<\/a> <\/h3>\n                                        <div class=\"book-list-brand\"><em><p align=\"justify\">El presente libro es fruto del trabajo de quienes integramos el \u201cN\u00facleo de investigaci\u00f3n sobre las profesiones en las sociedades contempor\u00e1neas\u201d, que fue creado en el a\u00f1o 2019, bajo la resoluci\u00f3n 09\/2019, de la Vicerrector\u00eda de Investigaci\u00f3n y Estudios Avanzados, de la Pontificia Universidad Cat\u00f3lica de Valpara\u00edso. Como agrupaci\u00f3n dependiente de esta Vicerrector\u00eda, nos hemos trazado como objetivos: promover la conformaci\u00f3n de un grupo de investigaci\u00f3n asociativo o interdisciplinario; desarrollar investigaciones en diferentes \u00e1reas que conciernen a las profesiones en las sociedades contempor\u00e1neas; elaborar proyectos de investigaci\u00f3n susceptibles de ser financiados con fondos internos y externos a la PUCV; establecer redes de colaboraci\u00f3n con otros equipos de investigaci\u00f3n nacionales e internacionales; contribuir a formar estudiantes de pre y post grado en las \u00e1reas de investigaci\u00f3n objeto del N\u00facleo, y por supuesto, difundir nuestro quehacer.<\/p><\/em><\/div>\n                                        <p class=\"book-author\">Sandra iturrieta (Ed.)<\/p>\n                                    <\/div>\n                                <\/li><\/ul><\/li><li><span class=\"year\">2020 EDUFPI<\/span><ul class=\"book-list list-unstyled\"><li>\n                                    <figure><img src=\"https:\/\/www.observatoriolatinoamericano.cl\/wp-content\/uploads\/2021\/09\/Livro-SERVICO-SOCIAL_E-BOOK-1-215x3001-1.png\" class=\"img-responsive\" alt=\"\" loading=\"lazy\" \/><\/figure>\n                                    <div class=\"book-list-meta\">\n                                        <h3 class=\"book-list-title\"><a href=\"http:\/\/ppgss.paginas.ufsc.br\/files\/2021\/02\/Servi%C3%A7o-Social-forma%C3%A7%C3%A3o-pesquisa-e-trabalho-profissional-em-diferentes-contextos-EDUFPI.pdf\" target=\"_blank\">Servi\u00e7o Social: Forma\u00e7\u00e3o, Pesquisa e Trabalho Profissional em Diferentes Contextos<\/a> <\/h3>\n                                        <div class=\"book-list-brand\"><em>EN: \u201cServi\u00e7o Social: forma\u00e7\u00e3o, pesquisa e trabalho profissional em diferentes contextos\u201d N\u00facleo de Pesquisa Forma\u00e7\u00e3o, Educa\u00e7\u00e3o, Trabalho e Pol\u00edticas P\u00fablicas, UFI, Brasil, a\u00f1o 2020.<\/em><\/div>\n                                        <p class=\"book-author\">Edna Maria Goulart Joazeiro Vera L\u00facia Batista Gomes (Organizadoras)<\/p>\n                                    <\/div>\n                                <\/li><\/ul><\/li><li><span class=\"year\">2020<\/span><ul class=\"book-list list-unstyled\"><li>\n                                    <figure><img src=\"https:\/\/observatoriolatinoamericano.cl\/wp-content\/uploads\/2024\/04\/dialogo_america.jpg\" class=\"img-responsive\" alt=\"\" loading=\"lazy\" \/><\/figure>\n                                    <div class=\"book-list-meta\">\n                                        <h3 class=\"book-list-title\"><a href=\"https:\/\/www.observatoriolatinoamericano.cl\/files\/DialogosCompartidos.pdf\" target=\"_blank\">Descarga:  Di\u00e1logos compartidos en Nuestram\u00e9rica: Actor\u00edas Intelectuales de Ind\u00edgenas, Mujeres, J\u00f3venes y Afrodescendientes<\/a> <\/h3>\n                                        <div class=\"book-list-brand\"><em>El presente libro, como su nombre lo indica -Dialogos compartidos-, es una invitaci\u00f3n del Grupo de Trabajo Intelectualidades Emergentes de Nuestram\u00e9rica, a sentarnos a la mesa y dialogar en el m\u00e1s amplio sentido del concepto. En esta coyuntura, el ejercicio del di\u00e1logo es un est\u00edmulo que mueve, que permite escudri\u00f1ar rutas de enunciaci\u00f3n, sujetos, sujetas, corporalidades e ideas entre muchas otras posibilidades. No s\u00f3lo para activar el ir y venir de argumentos, sino que como acto humano que reedita y crea. Por tanto, creemos en el sentido colectivo de la cultura, la pol\u00edtica, lo social y lo cotidiano.\r\n\r\nDe este modo, este trabajo colectivo se presenta a s\u00ed mismo como un espacio cartogr\u00e1fico que hace blandir en sus letras, el transitar de actor\u00edas intelectuales indigenas, j\u00f3venes, mujeres y afrodescendientes, que emergen en un concierto de pensamiento m\u00e1s bien restringido en Nuestram\u00e9rica, cuesti\u00f3n de suma importancia; pues, por un lado, visibiliza trabajos, reflexiones y escritos que las estructuras que administran el flujo de estas producciones, han vetado o minimizado sistem\u00e1ticamente; y por otro lado, interpela precisamente a los grupos hegem\u00f3nicos, no para acallarlos sino inst\u00e1ndoles a debatir en plenitud.\r\n\r\nPor ultimo, al leer este libro, se ingresa en una senda que confluye con aspiraciones, reivindicaciones y proyectos hist\u00f3ricos de grupos que, a nivel global y regional, hoy pero tambi\u00e9n anta\u00f1o, han experimentado la constricci\u00f3n de pensar, hablar, discrepar o simplemente opinar. Asimismo, se plantea la decisi\u00f3n de emerger como una prerrogativa que vislumbra lo nuevo, lo reciente, que nace de hombres y mujeres, en la diversidad de los contextos, que bifurcan la permanencia y las transformaciones a lo largo de la historia.<\/em><\/div>\n                                        <p class=\"book-author\"><\/p>\n                                    <\/div>\n                                <\/li><\/ul><\/li><li><span class=\"year\">2019<\/span><ul class=\"book-list list-unstyled\"><li>\n                                    <figure><img src=\"https:\/\/www.observatoriolatinoamericano.cl\/wp-content\/uploads\/2021\/09\/trabajo_social_mundo_transformacion.png\" class=\"img-responsive\" alt=\"\" loading=\"lazy\" \/><\/figure>\n                                    <div class=\"book-list-meta\">\n                                        <h3 class=\"book-list-title\"><a href=\"https:\/\/dialnet.unirioja.es\/servlet\/libro?codigo=767072\" target=\"_blank\">Mirando al horizonte El Trabajo Social feminista como estrategia frente a las transformaciones sociales en el \u00e1mbito internacional<\/a> <\/h3>\n                                        <div class=\"book-list-brand\"><em>EN: El Trabajo Social en un mundo en transformaci\u00f3n: \u00bfdistintas realidades o nuevos relatos para la intervenci\u00f3n? \/ coord. por Emma Sobremonte de Mendicuti, Arantxa Rodr\u00edguez Berrio, Vol. 2, 2019, ISBN 978-84-17973-55-1, p\u00e1gs. 823-856<\/em><\/div>\n                                        <p class=\"book-author\">Vanesa Herv\u00edas Parejo, Paula Sep\u00falveda Navarrete, Malena Victoria Hopp, Lorena Valencia<\/p>\n                                    <\/div>\n                                <\/li><\/ul><\/li><\/ul>\n                <\/div><\/div><\/div><\/div><\/div><\/section>\n","protected":false},"excerpt":{"rendered":"","protected":false},"author":1,"featured_media":3933,"parent":0,"menu_order":0,"comment_status":"closed","ping_status":"closed","template":"","meta":[],"_links":{"self":[{"href":"https:\/\/observatoriolatinoamericano.cl\/index.php\/wp-json\/wp\/v2\/pages\/2763"}],"collection":[{"href":"https:\/\/observatoriolatinoamericano.cl\/index.php\/wp-json\/wp\/v2\/pages"}],"about":[{"href":"https:\/\/observatoriolatinoamericano.cl\/index.php\/wp-json\/wp\/v2\/types\/page"}],"author":[{"embeddable":true,"href":"https:\/\/observatoriolatinoamericano.cl\/index.php\/wp-json\/wp\/v2\/users\/1"}],"replies":[{"embeddable":true,"href":"https:\/\/observatoriolatinoamericano.cl\/index.php\/wp-json\/wp\/v2\/comments?post=2763"}],"version-history":[{"count":14,"href":"https:\/\/observatoriolatinoamericano.cl\/index.php\/wp-json\/wp\/v2\/pages\/2763\/revisions"}],"predecessor-version":[{"id":4191,"href":"https:\/\/observatoriolatinoamericano.cl\/index.php\/wp-json\/wp\/v2\/pages\/2763\/revisions\/4191"}],"wp:featuredmedia":[{"embeddable":true,"href":"https:\/\/observatoriolatinoamericano.cl\/index.php\/wp-json\/wp\/v2\/media\/3933"}],"wp:attachment":[{"href":"https:\/\/observatoriolatinoamericano.cl\/index.php\/wp-json\/wp\/v2\/media?parent=2763"}],"curies":[{"name":"wp","href":"https:\/\/api.w.org\/{rel}","templated":true}]}}