{"id":3429,"date":"2022-08-23T12:29:06","date_gmt":"2022-08-23T15:29:06","guid":{"rendered":"https:\/\/observatoriolatinoamericano.cl\/?post_type=event&#038;p=3429"},"modified":"2022-08-23T12:40:35","modified_gmt":"2022-08-23T15:40:35","slug":"lancamento-da-coletanea-atencao-a-saude-em-tempo-de-pandemia-da-covid-19-contextos-nacionais-e-internacionais","status":"publish","type":"event","link":"https:\/\/observatoriolatinoamericano.cl\/index.php\/evento_observatorio\/lancamento-da-coletanea-atencao-a-saude-em-tempo-de-pandemia-da-covid-19-contextos-nacionais-e-internacionais\/","title":{"rendered":"LAN\u00c7AMENTO DA COLET\u00c2NEA Aten\u00e7\u00e3o \u00e0 sa\u00fade em tempo de pandemia da Covid-19: contextos nacionais e internacionais"},"content":{"rendered":"\n<p>Edna Maria Goulart Joazeiro<br>Org.<\/p>\n","protected":false},"excerpt":{"rendered":"<p>Edna Maria Goulart JoazeiroOrg.<\/p>\n","protected":false},"author":1,"featured_media":0,"template":"","_links":{"self":[{"href":"https:\/\/observatoriolatinoamericano.cl\/index.php\/wp-json\/wp\/v2\/event\/3429"}],"collection":[{"href":"https:\/\/observatoriolatinoamericano.cl\/index.php\/wp-json\/wp\/v2\/event"}],"about":[{"href":"https:\/\/observatoriolatinoamericano.cl\/index.php\/wp-json\/wp\/v2\/types\/event"}],"author":[{"embeddable":true,"href":"https:\/\/observatoriolatinoamericano.cl\/index.php\/wp-json\/wp\/v2\/users\/1"}],"wp:attachment":[{"href":"https:\/\/observatoriolatinoamericano.cl\/index.php\/wp-json\/wp\/v2\/media?parent=3429"}],"curies":[{"name":"wp","href":"https:\/\/api.w.org\/{rel}","templated":true}]}}

LANÇAMENTO DA COLETÂNEA Atenção à saúde em tempo de pandemia da Covid-19: contextos nacionais e internacionais
